test common divisor of 16467 and 1556381?
499
What is the highest common divisor of 372788 and 3278444?
3484
Calculate the highest common divisor of 12688688 and 16.
16
What is the highest common divisor of 537896 and 27841800?
7576
Calculate the highest common factor of 19943875 and 8050.
4025
What is the greatest common factor of 2881 and 12572383?
43
What is the greatest common factor of 4140 and 367560?
180
Calculate the greatest common factor of 5860590 and 60.
30
Calculate the greatest common factor of 1120 and 435260.
140
Calculate the highest common factor of 9609447 and 15.
3
Calculate the highest common factor of 259 and 171500.
7
What is the highest common factor of 4893 and 58863?
21
What is the greatest common factor of 90935227 and 901?
901
Calculate the greatest common factor of 9458944 and 44.
44
What is the highest common factor of 2185 and 154146?
23
Calculate the highest common factor of 906889 and 21299.
1121
Calculate the highest common factor of 2926 and 274355858.
266
Calculate the highest common factor of 29160 and 993240.
360
What is the highest common divisor of 27220 and 68?
4
Calculate the highest common divisor of 4031 and 26415143.
4031
Calculate the greatest common divisor of 5528 and 599656.
8
Calculate the greatest common divisor of 964821 and 41001.
519
Calculate the highest common factor of 508496 and 228628.
244
What is the highest common factor of 99 and 2218854?
33
What is the highest common divisor of 5159179 and 8639?
53
Calculate the highest common factor of 2673 and 11334587.
11
What is the greatest common factor of 10336 and 6263008?
608
What is the highest common factor of 1298 and 261679?
11
Calculate the greatest common factor of 1542795 and 13203.
489
Calculate the highest common divisor of 31 and 2032127.
1
What is the greatest common factor of 18309623 and 93?
31
Calculate the highest common divisor of 6566640 and 240.
240
Calculate the highest common divisor of 15327240 and 36.
12
Calculate the highest common divisor of 1619709 and 7539.
21
Calculate the greatest common divisor of 80 and 74001344.
16
Calculate the greatest common factor of 7031 and 274743.
89
What is the greatest common factor of 79353624 and 573?
573
What is the highest common factor of 428 and 4858014?
214
What is the highest common factor of 7952 and 141316?
28
Calculate the greatest common factor of 179 and 918863922.
179
What is the greatest common divisor of 23155 and 288035?
55
Calculate the greatest common divisor of 920036 and 385996.
676
Calculate the highest common factor of 646 and 131902864.
646
What is the highest common factor of 10387538 and 154?
14
What is the greatest common divisor of 1733 and 1119966847?
1733
Calculate the greatest common factor of 210 and 16127685.
105
Calculate the greatest common factor of 2790 and 93480810.
930
Calculate the highest common factor of 1455 and 549630.
15
What is the greatest common divisor of 26870256 and 5934?
138
Calculate the greatest common factor of 2189577 and 1794.
897
What is the highest common factor of 20 and 50511780?
20
What is the highest common factor of 45495 and 14504480?
1685
Calculate the highest common divisor of 270 and 6080754.
6
Calculate the highest common divisor of 66420 and 7485.
15
What is the greatest common divisor of 4032 and 3477348?
252
Calculate the highest common divisor of 684 and 3197871.
171
Calculate the greatest common factor of 1684 and 6893033.
421
What is the highest common factor of 384296 and 6292?
484
What is the highest common factor of 1625609 and 246?
41
Calculate the highest common factor of 35189 and 215446.
77
What is the greatest common factor of 70132 and 13225004?
788
Calculate the greatest common divisor of 289350162 and 36.
18
Calculate the greatest common divisor of 2852270 and 160.
10
Calculate the highest common factor of 1559440 and 434805.
505
What is the highest common divisor of 56 and 1115492?
28
What is the greatest common factor of 3573936 and 1344?
48
What is the greatest common divisor of 62081672 and 2504?
2504
What is the highest common divisor of 461 and 130604066?
461
Calculate the greatest common factor of 472633 and 1290893.
251
Calculate the greatest common factor of 7679340 and 564.
12
Calculate the greatest common factor of 1232 and 103722696.
616
Calculate the highest common factor of 21023084 and 1326.
34
What is the highest common divisor of 441840 and 84608?
16
Calculate the highest common factor of 93096 and 261617.
431
Calculate the highest common factor of 2911693 and 1577.
19
Calculate the greatest common factor of 35690 and 2443690.
430
What is the greatest common factor of 2380 and 53958884?
476
Calculate the highest common factor of 1113706435 and 18820.
4705
What is the highest common factor of 36 and 5513316?
12
What is the highest common factor of 180 and 14982465?
15
What is the greatest common factor of 2832 and 21549042?
354
What is the greatest common factor of 11664 and 10334736?
432
What is the greatest common factor of 52988107 and 111?
37
Calculate the highest common factor of 277176301 and 155.
31
What is the highest common divisor of 4929792 and 852096?
2688
What is the highest common factor of 643510 and 3015565?
1015
What is the greatest common factor of 708322288 and 16?
16
What is the highest common factor of 12754512 and 46?
46
What is the greatest common divisor of 18 and 64983816?
18
Calculate the greatest common divisor of 3080 and 419638520.
280
Calculate the highest common factor of 75 and 6175205.
5
Calculate the greatest common factor of 77502873 and 231.
21
What is the highest common factor of 28 and 104843102?
14
What is the greatest common factor of 22517 and 343126328?
2047
What is the greatest common divisor of 105 and 60222365?
35
Calculate the highest common divisor of 96534224 and 2032.
2032
What is the highest common divisor of 1946421 and 3933?
207
What is the greatest common factor of 3953316 and 2448?
204
What is the greatest common factor of 1572899 and 4168?
521
What is the greatest common factor of 1606 and 27460994?
1606
What is the highest common factor of 2370467 and 286?
11
What is the highest common factor of 55914277 and 219?
73
What is the greatest common factor of 6 and 32588427?
3
Calculate the highest common factor of 3888 and 961080.
24
What is the greatest common factor of 9906355 and 2567?
151
What is the greatest common divisor of 864918755 and 124?
31
Calculate the greatest common factor of 80 and 69334320.
80
What is the greatest common divisor of 145 and 25453184?
29
What is the greatest common divisor of 3422018 and 20513?
281
Calculate the highest common factor of 992 and 163760352.
992
Calculate the highest common factor of 36323746 and 1686.
562
What is the greatest common factor of 63 and 1673469?
63
What is the highest common divisor of 24263658 and 1224?
306
Calculate the greatest common factor of 5186685 and 1410.
705
What is the highest common divisor of 2550 and 856170?
30
Calculate the greatest common factor of 168591622 and 1060.
106
Calculate the highest common divisor of 164472938 and 14.
14
What is the highest common divisor of 6882 and 486948?
186
What is the highest common divisor of 436 and 1665193?
109
Calculate the highest common factor of 103607 and 542963.
779
What is the highest common divisor of 48107952 and 1930?
386
What is the highest common divisor of 3312 and 494960?
368
Calculate the highest common divisor of 110380504 and 4.
4
Calculate the greatest common divisor of 9254 and 65758.
14
Calculate the greatest common divisor of 46370 and 34360.
10
Calculate the greatest common factor of 4815 and 84330.
45
Calculate the greatest common divisor of 46111646 and 1328.
166
What is the greatest common factor of 80 and 99459200?
80
What is the highest common divisor of 259 and 18278851?
37
What is the highest common factor of 155635 and 493?
17
What is the greatest common divisor of 1477 and 49847273?
1477
Calculate the greatest common divisor of 651 and 21848924.
31
Calculate the highest common divisor of 19833 and 64449.
33
What is the greatest common divisor of 76 and 21360028?
76
What is the greatest common divisor of 56895 and 38985?
15
Calculate the highest common factor of 41418 and 119860.
26
Wha